s the hundreds digit of 658351?
3
What is the thousands digit of 1168453?
8
What is the ten thousands digit of 3294325?
9
What is the thousands digit of 514646?
4
What is the tens digit of 5872085?
8
What is the thousands digit of 13712617?
2
What is the hundreds digit of 4600446?
4
What is the units digit of 7897423?
3
What is the units digit of 279531?
1
What is the ten thousands digit of 245641?
4
What is the ten thousands digit of 596438?
9
What is the ten thousands digit of 3650517?
5
What is the hundreds digit of 85009?
0
What is the ten millions digit of 24312707?
2
What is the units digit of 21484108?
8
What is the ten thousands digit of 1377260?
7
What is the ten millions digit of 12336370?
1
What is the ten thousands digit of 30162324?
6
What is the units digit of 200314?
4
What is the hundred thousands digit of 6884839?
8
What is the hundreds digit of 40570286?
2
What is the hundreds digit of 2314329?
3
What is the thousands digit of 6226158?
6
What is the tens digit of 1204999?
9
What is the hundreds digit of 781974?
9
What is the thousands digit of 17235?
7
What is the ten millions digit of 15087610?
1
What is the units digit of 29484916?
6
What is the tens digit of 1508765?
6
What is the tens digit of 24308803?
0
What is the hundreds digit of 184834?
8
What is the hundreds digit of 1808259?
2
What is the units digit of 6799131?
1
What is the hundred thousands digit of 711045?
7
What is the thousands digit of 11135958?
5
What is the hundreds digit of 1449318?
3
What is the hundreds digit of 167039?
0
What is the tens digit of 2108108?
0
What is the hundreds digit of 262044?
0
What is the hundreds digit of 261087?
0
What is the hundreds digit of 390449?
4
What is the millions digit of 5927850?
5
What is the hundreds digit of 76514?
5
What is the hundreds digit of 1264439?
4
What is the thousands digit of 160149?
0
What is the hundreds digit of 188232?
2
What is the thousands digit of 448039?
8
What is the hundreds digit of 432989?
9
What is the ten thousands digit of 162971?
6
What is the ten thousands digit of 238560?
3
What is the units digit of 1958855?
5
What is the hundred thousands digit of 3511569?
5
What is the hundreds digit of 925281?
2
What is the ten thousands digit of 4427003?
2
What is the millions digit of 9414831?
9
What is the millions digit of 1312206?
1
What is the thousands digit of 163672?
3
What is the hundreds digit of 436957?
9
What is the tens digit of 502652?
5
What is the millions digit of 2495480?
2
What is the hundred thousands digit of 404760?
4
What is the hundred thousands digit of 142765?
1
What is the thousands digit of 515638?
5
What is the hundreds digit of 373941?
9
What is the ten thousands digit of 24298086?
9
What is the ten thousands digit of 14480526?
8
What is the units digit of 497010?
0
What is the units digit of 234672?
2
What is the ten thousands digit of 4276562?
7
What is the thousands digit of 1862812?
2
What is the thousands digit of 1715949?
5
What is the ten thousands digit of 655623?
5
What is the tens digit of 788739?
3
What is the units digit of 1539513?
3
What is the ten thousands digit of 349381?
4
What is the hundreds digit of 51452?
4
What is the hundred thousands digit of 551868?
5
What is the hundred thousands digit of 37102381?
1
What is the hundreds digit of 14896836?
8
What is the tens digit of 813426?
2
What is the ten thousands digit of 917025?
1
What is the millions digit of 21007881?
1
What is the hundred thousands digit of 187449?
1
What is the hundreds digit of 126438?
4
What is the hundred thousands digit of 792964?
7
What is the units digit of 309101?
1
What is the thousands digit of 562478?
2
What is the hundreds digit of 6292542?
5
What is the hundred thousands digit of 17257995?
2
What is the millions digit of 21891889?
1
What is the hundreds digit of 501106?
1
What is the tens digit of 935810?
1
What is the tens digit of 259162?
6
What is the thousands digit of 223902?
3
What is the hundreds digit of 781574?
5
What is the hundred thousands digit of 6313649?
3
What is the hundreds digit of 516295?
2
What is the millions digit of 29240247?
9
What is the hundred thousands digit of 169493?
1
What is the ten thousands digit of 16695?
1
What is the thousands digit of 8793351?
3
What is the units digit of 13900?
0
What is the hundreds digit of 561087?
0
What is the hundred thousands digit of 2974117?
9
What is the hundreds digit of 3750779?
7
What is the hundred thousands digit of 1764399?
7
What is the ten millions digit of 27951618?
2
What is the tens digit of 9355168?
6
What is the ten millions digit of 23631883?
2
What is the hundred thousands digit of 16927769?
9
What is the hundred thousands digit of 210409?
2
What is the hundred thousands digit of 420409?
4
What is the tens digit of 90266?
6
What is the hundreds digit of 8568562?
5
What is the tens digit of 11738000?
0
What is the hundreds digit of 283725?
7
What is the millions digit of 1249248?
1
What is the hundreds digit of 224060?
0
What is the tens digit of 603968?
6
What is the ten thousands digit of 2749935?
4
What is the tens digit of 35317?
1
What is the tens digit of 1044972?
7
What is the tens digit of 275084?
8
What is the hundred thousands digit of 1612056?
6
What is the hundreds digit of 3746644?
6
What is the units digit of 4583293?
3
What is the ten thousands digit of 10899236?
9
What is the hundred thousands digit of 2619557?
6
What is the hundreds digit of 3181422?
4
What is the tens digit of 7906438?
3
What is the tens digit of 14512?
1
What is the tens digit of 15136019?
1
What is the hundreds digit of 430396?
3
What is the thousands digit of 6230126?
0
What is the units digit of 44017883?
3
What is the thousands digit of 12036977?
6
What is the thousands digit of 85952?
5
What is the units digit of 19012?
2
What is the ten millions digit of 26555336?
2
What is the hundred thousands digit of 6282234?
2
What is the ten thousands digit of 5735259?
3
What is the hundred thousands digit of 9018495?
0
What is the millions digit of 9013202?
9
What is the units digit of 167119?
9
What is the ten thousands digit of 3960489?
6
What is the ten thousands digit of 20556684?
5
What is the units digit of 10242560?
0
What is the units digit of 180256?
6
What is the millions digit of 2983890?
2
What is the tens digit of 9599057?
5
What is the tens digit of 35455?
5
What is the hundreds digit of 62751?
7
What is the ten thousands digit of 561438?
6
What is the thousands digit of 1185808?
5
What is the ten thousands digit of 96469?
9
What is the hundreds digit of 2294217?
2
What is the units digit of 311864?
4
What is the millions digit of 6352467?
6
What is the hundred thousands digit of 3372739?
3
What is the thousands digit of 2857285?
7
What is the hundreds digit of 42011?
0
What is the millions digit of 3289569?
3
What is the tens digit of 977330?
3
What is the units digit of 9199988?
8
What is the hundred thousands digit of 457622?
4
What is the hundreds digit of 32022232?
2
What is the thousands digit of 147969?
7
What is the tens digit of 1782511?
1
What is the hundreds digit of 3002595?
5
What is the ten thousands digit of 4186033?
8
What is the tens digit of 365317?
1
What is the ten thousands digit of 13098?
1
What is the hundreds digit of 238060?
0
What is the ten thousands digit of 354916?
5
What is the hundred thousands digit of 11572787?
5
What is the thousands digit of 178084?
8
What is the hundreds digit of 1324559?
5
What is the units digit of 142404?
4
What is the thousands digit of 35616205?
6
What is the units digit of 43898?
8
What is the ten thousands digit of 406241?
0
What is the hundred thousands digit of 11907108?
9
What is the thousands digit of 546708?
6
What is the hundred thousands digit of 148364?
1
What is the hundreds digit of 381491?
4
What is the units digit of 6235828?
8
What is the hundred thousands digit of 125380?
1
What is the tens digit of 3059037?
3
What is the thousands digit of 2936035?
6
What is the hundreds digit of 358722?
7
What is the ten millions digit of 24112351?
2
What is the thousands digit of 19543002?
3
What is the thousands digit of 984734?
4
What is the units digit of 1654236?
6
What is the hundreds digit of 530440?
4
What is the thousands 